{"id":1084,"date":"2014-11-04T18:40:58","date_gmt":"2014-11-04T18:40:58","guid":{"rendered":"http:\/\/www.intunebrasil.com.br\/blogintune\/?page_id=1084"},"modified":"2022-04-20T20:52:23","modified_gmt":"2022-04-20T20:52:23","slug":"sobre-este-blog","status":"publish","type":"page","link":"https:\/\/www.intunebrasil.com.br\/blogintune\/sobre-este-blog\/","title":{"rendered":"Sobre este blog"},"content":{"rendered":"<p>O interesse constante em informa\u00e7\u00f5es do Microsoft Intune motivou a <strong>CloudExperts Consultoria<\/strong> parceiro Microsoft focado em solu\u00e7\u00f5es de computa\u00e7\u00e3o em nuvem p\u00fablica a criar este blog objetivando fornecer gratuitamente novidades, artigos, guias e informa\u00e7\u00f5es relacionadas a solu\u00e7\u00e3o de gerenciamento online da Microsoft.<\/p>\n<p>Nossa constante aten\u00e7\u00e3o a detalhes relacionados a esta solu\u00e7\u00e3o e nosso foco em buscar fornecer a nossos clientes e potenciais clientes informa\u00e7\u00f5es atualizadas relacionadas ao Microsoft Intune \u00e9 um dos motivadores do blog. Aqui voc\u00ea encontra regularmente publica\u00e7\u00f5es semanais apresentando artigos objetivos e direcionados para que leitores possam facilmente estarem inteirados sobre solu\u00e7\u00e3o em nuvem para gerenciamento de dispositivos.<\/p>\n<p>Atualmente fornecemos consultoria, servi\u00e7os de treinamento e suporte e o blog tamb\u00e9m cumpre o papel de deixar clientes e pessoas interessadas a par das mais recentes novidades relacionadas. Noticias atualizadas, artigos pr\u00f3prios e guias exclusivos s\u00e3o encontrados aqui.<\/p>\n<p>Somos totalmente contr\u00e1rios a pl\u00e1gio e por isso jamais colocamos textos copiados integralmente e quando utilizamos textos de outras fontes fazemos quest\u00e3o de citar as mesmas.<\/p>\n<p>Outro aspecto fundamental deste blog \u00e9 o fato de que respeitamos e buscamos sempre respeitar os direitos de propriedade intelectual da Microsoft. Ressaltamos aqui que nosso <span style=\"text-decoration: underline;\">blog \u00e9 independente<\/span> e por isso deixamos claro que os nomes <strong>Office<\/strong>, <strong>Windows<\/strong> ou qualquer outro produto ou tecnologia mencionados aqui pertencem a <a title=\"Microsoft Corporation\" href=\"http:\/\/www.microsoft.com\"><strong>Microsoft Corporation<\/strong><\/a> tanto no Brasil como em outros pa\u00edses. Como parceiros temos uma responsabilidade legal de deixar isso bem claro.<\/p>\n<h2>Sobre a CloudExperts Consultoria<\/h2>\n<p>A CloudExperts \u00e9 uma empresa focada em oferecer solu\u00e7\u00f5es de computa\u00e7\u00e3o em nuvem p\u00fablica para o mercado SMB (Pequenas e M\u00e9dias empresas). Nosso objetivo \u00e9 ser refer\u00eancia na entrega de solu\u00e7\u00f5es nuvem(cloud computing), ajudando sua empresa desde a considera\u00e7\u00e3o at\u00e9 a implanta\u00e7\u00e3o das solu\u00e7\u00f5es de nuvem. Nossos servi\u00e7os s\u00e3o consultoria, planejamento, entrega e venda de solu\u00e7\u00f5es online Microsoft e outros fabricantes.<\/p>\n<p>Para mais informa\u00e7\u00f5es relacionadas a n\u00f3s voc\u00ea pode:<\/p>\n<p>Visitar nosso website:<a title=\"CloudExperts Consultoria\" href=\"%20http:\/\/www.cloudexperts.com.br\"> http:\/\/www.cloudexperts.com.br<\/a><\/p>\n<p>Nosso perfil no site de parceiros Microsoft: <a href=\"http:\/\/o365.ws\/ce\">http:\/\/o365.ws\/ce<\/a><\/p>\n<h2>Copiando conte\u00fado deste Blog<\/h2>\n<p>Todo o conte\u00fado deste blog \u00e9 protegido contra c\u00f3pias n\u00e3o autorizadas. N\u00e3o permitimos qualquer tipo de c\u00f3pia ou reprodu\u00e7\u00e3o parcial das informa\u00e7\u00f5es postadas sejam textos ou imagem de nossa pr\u00f3pria autoria. E solicitamos que respeitem nossa solicita\u00e7\u00e3o.<\/p>\n<p>Dessa maneira nos termos da <a href=\"http:\/\/www.dji.com.br\/codigos\/1940_dl_002848_cp\/cp184a186.htm\">lei de direitos autorais <\/a>e na <a href=\"http:\/\/www.dji.com.br\/codigos\/1940_dl_002848_cp\/cp184a186.htm\">lei 9610<\/a> afirmamos mais uma vez\u00a0<strong>que n\u00e3o permitimos que outras pessoas\/empresas sem nossa autoriza\u00e7\u00e3o pr\u00e9via venham a copiar e distribuir o conte\u00fado aqui apresentado em forma de textos e tamb\u00e9m imagens.<\/strong><\/p>\n<hr \/>\n<p><a href=\"http:\/\/creativecommons.org\/licenses\/by-nc-nd\/4.0\/\" rel=\"license\"><img data-recalc-dims=\"1\" decoding=\"async\" style=\"border-width: 0;\" src=\"https:\/\/i0.wp.com\/i.creativecommons.org\/l\/by-nc-nd\/4.0\/80x15.png?w=800&#038;ssl=1\" alt=\"Licen\u00e7a Creative Commons\" \/><\/a><br \/>\n365Brasil Blog de <a href=\"http:\/\/www.office365brasil.com.br\/365brasilblog\" rel=\"cc:attributionURL\">Helinton Dias<\/a> est\u00e1 licenciado com uma Licen\u00e7a <a href=\"http:\/\/creativecommons.org\/licenses\/by-nc-nd\/4.0\/\" rel=\"license\">Creative Commons &#8211; Atribui\u00e7\u00e3o-N\u00e3oComercial-SemDeriva\u00e7\u00f5es 4.0 Internacional<\/a>.<\/p>\n","protected":false},"excerpt":{"rendered":"<p>O interesse constante em informa\u00e7\u00f5es do Microsoft Intune motivou a CloudExperts Consultoria parceiro Microsoft focado em solu\u00e7\u00f5es de computa\u00e7\u00e3o em<\/p>\n","protected":false},"author":1,"featured_media":0,"parent":0,"menu_order":0,"comment_status":"closed","ping_status":"closed","template":"","meta":{"colormag_page_container_layout":"default_layout","colormag_page_sidebar_layout":"default_layout","jetpack_post_was_ever_published":false,"footnotes":""},"class_list":["post-1084","page","type-page","status-publish","hentry"],"yoast_head":"<!-- This site is optimized with the Yoast SEO plugin v27.2 - https:\/\/yoast.com\/product\/yoast-seo-wordpress\/ -->\n<title>Blog IntuneBrasil - Informa\u00e7\u00f5es importantes<\/title>\n<meta name=\"description\" content=\"O blog IntuneBrasil objetiva a fornecer informa\u00e7\u00f5es e novidadesrelevantes associadas a solu\u00e7\u00e3o de gerenciamento de dispositivos o Microsoft Intune.\" \/>\n<meta name=\"robots\" content=\"index, follow, max-snippet:-1, max-image-preview:large, max-video-preview:-1\" \/>\n<link rel=\"canonical\" href=\"https:\/\/www.intunebrasil.com.br\/blogintune\/sobre-este-blog\/\" \/>\n<meta property=\"og:locale\" content=\"pt_BR\" \/>\n<meta property=\"og:type\" content=\"article\" \/>\n<meta property=\"og:title\" content=\"Blog IntuneBrasil - Informa\u00e7\u00f5es importantes\" \/>\n<meta property=\"og:description\" content=\"O blog IntuneBrasil objetiva a fornecer informa\u00e7\u00f5es e novidadesrelevantes associadas a solu\u00e7\u00e3o de gerenciamento de dispositivos o Microsoft Intune.\" \/>\n<meta property=\"og:url\" content=\"https:\/\/www.intunebrasil.com.br\/blogintune\/sobre-este-blog\/\" \/>\n<meta property=\"og:site_name\" content=\"Intune Brasil - Microsoft Intune e outras solu\u00e7\u00f5es online\" \/>\n<meta property=\"article:publisher\" content=\"https:\/\/www.facebook.com\/cloudexpertsbr\" \/>\n<meta property=\"article:modified_time\" content=\"2022-04-20T20:52:23+00:00\" \/>\n<meta property=\"og:image\" content=\"https:\/\/i.creativecommons.org\/l\/by-nc-nd\/4.0\/80x15.png\" \/>\n<meta name=\"twitter:label1\" content=\"Est. tempo de leitura\" \/>\n\t<meta name=\"twitter:data1\" content=\"3 minutos\" \/>\n<script type=\"application\/ld+json\" class=\"yoast-schema-graph\">{\"@context\":\"https:\/\/schema.org\",\"@graph\":[{\"@type\":\"WebPage\",\"@id\":\"https:\/\/www.intunebrasil.com.br\/blogintune\/sobre-este-blog\/\",\"url\":\"https:\/\/www.intunebrasil.com.br\/blogintune\/sobre-este-blog\/\",\"name\":\"Blog IntuneBrasil - Informa\u00e7\u00f5es importantes\",\"isPartOf\":{\"@id\":\"https:\/\/www.intunebrasil.com.br\/blogintune\/#website\"},\"primaryImageOfPage\":{\"@id\":\"https:\/\/www.intunebrasil.com.br\/blogintune\/sobre-este-blog\/#primaryimage\"},\"image\":{\"@id\":\"https:\/\/www.intunebrasil.com.br\/blogintune\/sobre-este-blog\/#primaryimage\"},\"thumbnailUrl\":\"https:\/\/i.creativecommons.org\/l\/by-nc-nd\/4.0\/80x15.png\",\"datePublished\":\"2014-11-04T18:40:58+00:00\",\"dateModified\":\"2022-04-20T20:52:23+00:00\",\"description\":\"O blog IntuneBrasil objetiva a fornecer informa\u00e7\u00f5es e novidadesrelevantes associadas a solu\u00e7\u00e3o de gerenciamento de dispositivos o Microsoft Intune.\",\"breadcrumb\":{\"@id\":\"https:\/\/www.intunebrasil.com.br\/blogintune\/sobre-este-blog\/#breadcrumb\"},\"inLanguage\":\"pt-BR\",\"potentialAction\":[{\"@type\":\"ReadAction\",\"target\":[\"https:\/\/www.intunebrasil.com.br\/blogintune\/sobre-este-blog\/\"]}]},{\"@type\":\"ImageObject\",\"inLanguage\":\"pt-BR\",\"@id\":\"https:\/\/www.intunebrasil.com.br\/blogintune\/sobre-este-blog\/#primaryimage\",\"url\":\"https:\/\/i.creativecommons.org\/l\/by-nc-nd\/4.0\/80x15.png\",\"contentUrl\":\"https:\/\/i.creativecommons.org\/l\/by-nc-nd\/4.0\/80x15.png\"},{\"@type\":\"BreadcrumbList\",\"@id\":\"https:\/\/www.intunebrasil.com.br\/blogintune\/sobre-este-blog\/#breadcrumb\",\"itemListElement\":[{\"@type\":\"ListItem\",\"position\":1,\"name\":\"In\u00edcio\",\"item\":\"https:\/\/www.intunebrasil.com.br\/blogintune\/\"},{\"@type\":\"ListItem\",\"position\":2,\"name\":\"Sobre este blog\"}]},{\"@type\":\"WebSite\",\"@id\":\"https:\/\/www.intunebrasil.com.br\/blogintune\/#website\",\"url\":\"https:\/\/www.intunebrasil.com.br\/blogintune\/\",\"name\":\"Intune Brasil - Microsoft Intune e outras solu\u00e7\u00f5es online\",\"description\":\"Gereciamento de dispositivos via nuvem\",\"publisher\":{\"@id\":\"https:\/\/www.intunebrasil.com.br\/blogintune\/#organization\"},\"potentialAction\":[{\"@type\":\"SearchAction\",\"target\":{\"@type\":\"EntryPoint\",\"urlTemplate\":\"https:\/\/www.intunebrasil.com.br\/blogintune\/?s={search_term_string}\"},\"query-input\":{\"@type\":\"PropertyValueSpecification\",\"valueRequired\":true,\"valueName\":\"search_term_string\"}}],\"inLanguage\":\"pt-BR\"},{\"@type\":\"Organization\",\"@id\":\"https:\/\/www.intunebrasil.com.br\/blogintune\/#organization\",\"name\":\"Intune Brasil - Microsoft Intune e outras solu\u00e7\u00f5es online\",\"url\":\"https:\/\/www.intunebrasil.com.br\/blogintune\/\",\"logo\":{\"@type\":\"ImageObject\",\"inLanguage\":\"pt-BR\",\"@id\":\"https:\/\/www.intunebrasil.com.br\/blogintune\/#\/schema\/logo\/image\/\",\"url\":\"https:\/\/i0.wp.com\/www.intunebrasil.com.br\/blogintune\/wp-content\/uploads\/2017\/11\/logo-intune1.png?fit=392%2C65&ssl=1\",\"contentUrl\":\"https:\/\/i0.wp.com\/www.intunebrasil.com.br\/blogintune\/wp-content\/uploads\/2017\/11\/logo-intune1.png?fit=392%2C65&ssl=1\",\"width\":392,\"height\":65,\"caption\":\"Intune Brasil - Microsoft Intune e outras solu\u00e7\u00f5es online\"},\"image\":{\"@id\":\"https:\/\/www.intunebrasil.com.br\/blogintune\/#\/schema\/logo\/image\/\"},\"sameAs\":[\"https:\/\/www.facebook.com\/cloudexpertsbr\",\"https:\/\/x.com\/cloudexpertsbr\",\"http:\/\/www.linkedin.com\/company\/cloud-experts-consultoria\"]}]}<\/script>\n<!-- \/ Yoast SEO plugin. -->","yoast_head_json":{"title":"Blog IntuneBrasil - Informa\u00e7\u00f5es importantes","description":"O blog IntuneBrasil objetiva a fornecer informa\u00e7\u00f5es e novidadesrelevantes associadas a solu\u00e7\u00e3o de gerenciamento de dispositivos o Microsoft Intune.","robots":{"index":"index","follow":"follow","max-snippet":"max-snippet:-1","max-image-preview":"max-image-preview:large","max-video-preview":"max-video-preview:-1"},"canonical":"https:\/\/www.intunebrasil.com.br\/blogintune\/sobre-este-blog\/","og_locale":"pt_BR","og_type":"article","og_title":"Blog IntuneBrasil - Informa\u00e7\u00f5es importantes","og_description":"O blog IntuneBrasil objetiva a fornecer informa\u00e7\u00f5es e novidadesrelevantes associadas a solu\u00e7\u00e3o de gerenciamento de dispositivos o Microsoft Intune.","og_url":"https:\/\/www.intunebrasil.com.br\/blogintune\/sobre-este-blog\/","og_site_name":"Intune Brasil - Microsoft Intune e outras solu\u00e7\u00f5es online","article_publisher":"https:\/\/www.facebook.com\/cloudexpertsbr","article_modified_time":"2022-04-20T20:52:23+00:00","og_image":[{"url":"https:\/\/i.creativecommons.org\/l\/by-nc-nd\/4.0\/80x15.png","type":"","width":"","height":""}],"twitter_misc":{"Est. tempo de leitura":"3 minutos"},"schema":{"@context":"https:\/\/schema.org","@graph":[{"@type":"WebPage","@id":"https:\/\/www.intunebrasil.com.br\/blogintune\/sobre-este-blog\/","url":"https:\/\/www.intunebrasil.com.br\/blogintune\/sobre-este-blog\/","name":"Blog IntuneBrasil - Informa\u00e7\u00f5es importantes","isPartOf":{"@id":"https:\/\/www.intunebrasil.com.br\/blogintune\/#website"},"primaryImageOfPage":{"@id":"https:\/\/www.intunebrasil.com.br\/blogintune\/sobre-este-blog\/#primaryimage"},"image":{"@id":"https:\/\/www.intunebrasil.com.br\/blogintune\/sobre-este-blog\/#primaryimage"},"thumbnailUrl":"https:\/\/i.creativecommons.org\/l\/by-nc-nd\/4.0\/80x15.png","datePublished":"2014-11-04T18:40:58+00:00","dateModified":"2022-04-20T20:52:23+00:00","description":"O blog IntuneBrasil objetiva a fornecer informa\u00e7\u00f5es e novidadesrelevantes associadas a solu\u00e7\u00e3o de gerenciamento de dispositivos o Microsoft Intune.","breadcrumb":{"@id":"https:\/\/www.intunebrasil.com.br\/blogintune\/sobre-este-blog\/#breadcrumb"},"inLanguage":"pt-BR","potentialAction":[{"@type":"ReadAction","target":["https:\/\/www.intunebrasil.com.br\/blogintune\/sobre-este-blog\/"]}]},{"@type":"ImageObject","inLanguage":"pt-BR","@id":"https:\/\/www.intunebrasil.com.br\/blogintune\/sobre-este-blog\/#primaryimage","url":"https:\/\/i.creativecommons.org\/l\/by-nc-nd\/4.0\/80x15.png","contentUrl":"https:\/\/i.creativecommons.org\/l\/by-nc-nd\/4.0\/80x15.png"},{"@type":"BreadcrumbList","@id":"https:\/\/www.intunebrasil.com.br\/blogintune\/sobre-este-blog\/#breadcrumb","itemListElement":[{"@type":"ListItem","position":1,"name":"In\u00edcio","item":"https:\/\/www.intunebrasil.com.br\/blogintune\/"},{"@type":"ListItem","position":2,"name":"Sobre este blog"}]},{"@type":"WebSite","@id":"https:\/\/www.intunebrasil.com.br\/blogintune\/#website","url":"https:\/\/www.intunebrasil.com.br\/blogintune\/","name":"Intune Brasil - Microsoft Intune e outras solu\u00e7\u00f5es online","description":"Gereciamento de dispositivos via nuvem","publisher":{"@id":"https:\/\/www.intunebrasil.com.br\/blogintune\/#organization"},"potentialAction":[{"@type":"SearchAction","target":{"@type":"EntryPoint","urlTemplate":"https:\/\/www.intunebrasil.com.br\/blogintune\/?s={search_term_string}"},"query-input":{"@type":"PropertyValueSpecification","valueRequired":true,"valueName":"search_term_string"}}],"inLanguage":"pt-BR"},{"@type":"Organization","@id":"https:\/\/www.intunebrasil.com.br\/blogintune\/#organization","name":"Intune Brasil - Microsoft Intune e outras solu\u00e7\u00f5es online","url":"https:\/\/www.intunebrasil.com.br\/blogintune\/","logo":{"@type":"ImageObject","inLanguage":"pt-BR","@id":"https:\/\/www.intunebrasil.com.br\/blogintune\/#\/schema\/logo\/image\/","url":"https:\/\/i0.wp.com\/www.intunebrasil.com.br\/blogintune\/wp-content\/uploads\/2017\/11\/logo-intune1.png?fit=392%2C65&ssl=1","contentUrl":"https:\/\/i0.wp.com\/www.intunebrasil.com.br\/blogintune\/wp-content\/uploads\/2017\/11\/logo-intune1.png?fit=392%2C65&ssl=1","width":392,"height":65,"caption":"Intune Brasil - Microsoft Intune e outras solu\u00e7\u00f5es online"},"image":{"@id":"https:\/\/www.intunebrasil.com.br\/blogintune\/#\/schema\/logo\/image\/"},"sameAs":["https:\/\/www.facebook.com\/cloudexpertsbr","https:\/\/x.com\/cloudexpertsbr","http:\/\/www.linkedin.com\/company\/cloud-experts-consultoria"]}]}},"jetpack-related-posts":[],"jetpack_sharing_enabled":true,"jetpack_likes_enabled":true,"_links":{"self":[{"href":"https:\/\/www.intunebrasil.com.br\/blogintune\/wp-json\/wp\/v2\/pages\/1084","targetHints":{"allow":["GET"]}}],"collection":[{"href":"https:\/\/www.intunebrasil.com.br\/blogintune\/wp-json\/wp\/v2\/pages"}],"about":[{"href":"https:\/\/www.intunebrasil.com.br\/blogintune\/wp-json\/wp\/v2\/types\/page"}],"author":[{"embeddable":true,"href":"https:\/\/www.intunebrasil.com.br\/blogintune\/wp-json\/wp\/v2\/users\/1"}],"replies":[{"embeddable":true,"href":"https:\/\/www.intunebrasil.com.br\/blogintune\/wp-json\/wp\/v2\/comments?post=1084"}],"version-history":[{"count":2,"href":"https:\/\/www.intunebrasil.com.br\/blogintune\/wp-json\/wp\/v2\/pages\/1084\/revisions"}],"predecessor-version":[{"id":2705,"href":"https:\/\/www.intunebrasil.com.br\/blogintune\/wp-json\/wp\/v2\/pages\/1084\/revisions\/2705"}],"wp:attachment":[{"href":"https:\/\/www.intunebrasil.com.br\/blogintune\/wp-json\/wp\/v2\/media?parent=1084"}],"curies":[{"name":"wp","href":"https:\/\/api.w.org\/{rel}","templated":true}]}}