{"id":2231,"date":"2017-08-23T13:01:12","date_gmt":"2017-08-23T13:01:12","guid":{"rendered":"http:\/\/www.intunebrasil.com.br\/blogintune\/?page_id=2231"},"modified":"2017-09-05T13:20:34","modified_gmt":"2017-09-05T13:20:34","slug":"home","status":"publish","type":"page","link":"https:\/\/www.intunebrasil.com.br\/blogintune\/","title":{"rendered":"&#8211;"},"content":{"rendered":"","protected":false},"excerpt":{"rendered":"","protected":false},"author":1,"featured_media":0,"parent":0,"menu_order":0,"comment_status":"closed","ping_status":"closed","template":"","meta":{"colormag_page_container_layout":"default_layout","colormag_page_sidebar_layout":"default_layout","jetpack_post_was_ever_published":false,"footnotes":""},"class_list":["post-2231","page","type-page","status-publish","hentry"],"yoast_head":"<!-- This site is optimized with the Yoast SEO plugin v27.2 - https:\/\/yoast.com\/product\/yoast-seo-wordpress\/ -->\n<title>Intune Brasil - Saiba tudo sobre o Windows Intune<\/title>\n<meta name=\"description\" content=\"Informa\u00e7\u00f5es sobre o Microsoft Intune, Licenciamento Microsoft, Windows e demais produtos e solu\u00e7\u00f5es da Microsoft voc\u00ea encontra aqui\" \/>\n<meta name=\"robots\" content=\"index, follow, max-snippet:-1, max-image-preview:large, max-video-preview:-1\" \/>\n<link rel=\"canonical\" href=\"https:\/\/www.intunebrasil.com.br\/blogintune\/\" \/>\n<meta property=\"og:locale\" content=\"pt_BR\" \/>\n<meta property=\"og:type\" content=\"article\" \/>\n<meta property=\"og:title\" content=\"Intune Brasil - Saiba tudo sobre o Windows Intune\" \/>\n<meta property=\"og:description\" content=\"Informa\u00e7\u00f5es sobre o Microsoft Intune, Licenciamento Microsoft, Windows e demais produtos e solu\u00e7\u00f5es da Microsoft voc\u00ea encontra aqui\" \/>\n<meta property=\"og:url\" content=\"https:\/\/www.intunebrasil.com.br\/blogintune\/\" \/>\n<meta property=\"og:site_name\" content=\"Intune Brasil - Microsoft Intune e outras solu\u00e7\u00f5es online\" \/>\n<meta property=\"article:publisher\" content=\"https:\/\/www.facebook.com\/cloudexpertsbr\" \/>\n<meta property=\"article:modified_time\" content=\"2017-09-05T13:20:34+00:00\" \/>\n<script type=\"application\/ld+json\" class=\"yoast-schema-graph\">{\"@context\":\"https:\/\/schema.org\",\"@graph\":[{\"@type\":\"WebPage\",\"@id\":\"https:\/\/www.intunebrasil.com.br\/blogintune\/\",\"url\":\"https:\/\/www.intunebrasil.com.br\/blogintune\/\",\"name\":\"Intune Brasil - Saiba tudo sobre o Windows Intune\",\"isPartOf\":{\"@id\":\"https:\/\/www.intunebrasil.com.br\/blogintune\/#website\"},\"datePublished\":\"2017-08-23T13:01:12+00:00\",\"dateModified\":\"2017-09-05T13:20:34+00:00\",\"description\":\"Informa\u00e7\u00f5es sobre o Microsoft Intune, Licenciamento Microsoft, Windows e demais produtos e solu\u00e7\u00f5es da Microsoft voc\u00ea encontra aqui\",\"breadcrumb\":{\"@id\":\"https:\/\/www.intunebrasil.com.br\/blogintune\/#breadcrumb\"},\"inLanguage\":\"pt-BR\",\"potentialAction\":[{\"@type\":\"ReadAction\",\"target\":[\"https:\/\/www.intunebrasil.com.br\/blogintune\/\"]}]},{\"@type\":\"BreadcrumbList\",\"@id\":\"https:\/\/www.intunebrasil.com.br\/blogintune\/#breadcrumb\",\"itemListElement\":[{\"@type\":\"ListItem\",\"position\":1,\"name\":\"In\u00edcio\",\"item\":\"https:\/\/www.intunebrasil.com.br\/blogintune\/\"},{\"@type\":\"ListItem\",\"position\":2,\"name\":\"&#8211;\"}]},{\"@type\":\"WebSite\",\"@id\":\"https:\/\/www.intunebrasil.com.br\/blogintune\/#website\",\"url\":\"https:\/\/www.intunebrasil.com.br\/blogintune\/\",\"name\":\"Intune Brasil - Microsoft Intune e outras solu\u00e7\u00f5es online\",\"description\":\"Gereciamento de dispositivos via nuvem\",\"publisher\":{\"@id\":\"https:\/\/www.intunebrasil.com.br\/blogintune\/#organization\"},\"potentialAction\":[{\"@type\":\"SearchAction\",\"target\":{\"@type\":\"EntryPoint\",\"urlTemplate\":\"https:\/\/www.intunebrasil.com.br\/blogintune\/?s={search_term_string}\"},\"query-input\":{\"@type\":\"PropertyValueSpecification\",\"valueRequired\":true,\"valueName\":\"search_term_string\"}}],\"inLanguage\":\"pt-BR\"},{\"@type\":\"Organization\",\"@id\":\"https:\/\/www.intunebrasil.com.br\/blogintune\/#organization\",\"name\":\"Intune Brasil - Microsoft Intune e outras solu\u00e7\u00f5es online\",\"url\":\"https:\/\/www.intunebrasil.com.br\/blogintune\/\",\"logo\":{\"@type\":\"ImageObject\",\"inLanguage\":\"pt-BR\",\"@id\":\"https:\/\/www.intunebrasil.com.br\/blogintune\/#\/schema\/logo\/image\/\",\"url\":\"https:\/\/i0.wp.com\/www.intunebrasil.com.br\/blogintune\/wp-content\/uploads\/2017\/11\/logo-intune1.png?fit=392%2C65&ssl=1\",\"contentUrl\":\"https:\/\/i0.wp.com\/www.intunebrasil.com.br\/blogintune\/wp-content\/uploads\/2017\/11\/logo-intune1.png?fit=392%2C65&ssl=1\",\"width\":392,\"height\":65,\"caption\":\"Intune Brasil - Microsoft Intune e outras solu\u00e7\u00f5es online\"},\"image\":{\"@id\":\"https:\/\/www.intunebrasil.com.br\/blogintune\/#\/schema\/logo\/image\/\"},\"sameAs\":[\"https:\/\/www.facebook.com\/cloudexpertsbr\",\"https:\/\/x.com\/cloudexpertsbr\",\"http:\/\/www.linkedin.com\/company\/cloud-experts-consultoria\"]}]}<\/script>\n<!-- \/ Yoast SEO plugin. -->","yoast_head_json":{"title":"Intune Brasil - Saiba tudo sobre o Windows Intune","description":"Informa\u00e7\u00f5es sobre o Microsoft Intune, Licenciamento Microsoft, Windows e demais produtos e solu\u00e7\u00f5es da Microsoft voc\u00ea encontra aqui","robots":{"index":"index","follow":"follow","max-snippet":"max-snippet:-1","max-image-preview":"max-image-preview:large","max-video-preview":"max-video-preview:-1"},"canonical":"https:\/\/www.intunebrasil.com.br\/blogintune\/","og_locale":"pt_BR","og_type":"article","og_title":"Intune Brasil - Saiba tudo sobre o Windows Intune","og_description":"Informa\u00e7\u00f5es sobre o Microsoft Intune, Licenciamento Microsoft, Windows e demais produtos e solu\u00e7\u00f5es da Microsoft voc\u00ea encontra aqui","og_url":"https:\/\/www.intunebrasil.com.br\/blogintune\/","og_site_name":"Intune Brasil - Microsoft Intune e outras solu\u00e7\u00f5es online","article_publisher":"https:\/\/www.facebook.com\/cloudexpertsbr","article_modified_time":"2017-09-05T13:20:34+00:00","schema":{"@context":"https:\/\/schema.org","@graph":[{"@type":"WebPage","@id":"https:\/\/www.intunebrasil.com.br\/blogintune\/","url":"https:\/\/www.intunebrasil.com.br\/blogintune\/","name":"Intune Brasil - Saiba tudo sobre o Windows Intune","isPartOf":{"@id":"https:\/\/www.intunebrasil.com.br\/blogintune\/#website"},"datePublished":"2017-08-23T13:01:12+00:00","dateModified":"2017-09-05T13:20:34+00:00","description":"Informa\u00e7\u00f5es sobre o Microsoft Intune, Licenciamento Microsoft, Windows e demais produtos e solu\u00e7\u00f5es da Microsoft voc\u00ea encontra aqui","breadcrumb":{"@id":"https:\/\/www.intunebrasil.com.br\/blogintune\/#breadcrumb"},"inLanguage":"pt-BR","potentialAction":[{"@type":"ReadAction","target":["https:\/\/www.intunebrasil.com.br\/blogintune\/"]}]},{"@type":"BreadcrumbList","@id":"https:\/\/www.intunebrasil.com.br\/blogintune\/#breadcrumb","itemListElement":[{"@type":"ListItem","position":1,"name":"In\u00edcio","item":"https:\/\/www.intunebrasil.com.br\/blogintune\/"},{"@type":"ListItem","position":2,"name":"&#8211;"}]},{"@type":"WebSite","@id":"https:\/\/www.intunebrasil.com.br\/blogintune\/#website","url":"https:\/\/www.intunebrasil.com.br\/blogintune\/","name":"Intune Brasil - Microsoft Intune e outras solu\u00e7\u00f5es online","description":"Gereciamento de dispositivos via nuvem","publisher":{"@id":"https:\/\/www.intunebrasil.com.br\/blogintune\/#organization"},"potentialAction":[{"@type":"SearchAction","target":{"@type":"EntryPoint","urlTemplate":"https:\/\/www.intunebrasil.com.br\/blogintune\/?s={search_term_string}"},"query-input":{"@type":"PropertyValueSpecification","valueRequired":true,"valueName":"search_term_string"}}],"inLanguage":"pt-BR"},{"@type":"Organization","@id":"https:\/\/www.intunebrasil.com.br\/blogintune\/#organization","name":"Intune Brasil - Microsoft Intune e outras solu\u00e7\u00f5es online","url":"https:\/\/www.intunebrasil.com.br\/blogintune\/","logo":{"@type":"ImageObject","inLanguage":"pt-BR","@id":"https:\/\/www.intunebrasil.com.br\/blogintune\/#\/schema\/logo\/image\/","url":"https:\/\/i0.wp.com\/www.intunebrasil.com.br\/blogintune\/wp-content\/uploads\/2017\/11\/logo-intune1.png?fit=392%2C65&ssl=1","contentUrl":"https:\/\/i0.wp.com\/www.intunebrasil.com.br\/blogintune\/wp-content\/uploads\/2017\/11\/logo-intune1.png?fit=392%2C65&ssl=1","width":392,"height":65,"caption":"Intune Brasil - Microsoft Intune e outras solu\u00e7\u00f5es online"},"image":{"@id":"https:\/\/www.intunebrasil.com.br\/blogintune\/#\/schema\/logo\/image\/"},"sameAs":["https:\/\/www.facebook.com\/cloudexpertsbr","https:\/\/x.com\/cloudexpertsbr","http:\/\/www.linkedin.com\/company\/cloud-experts-consultoria"]}]}},"jetpack-related-posts":[],"jetpack_sharing_enabled":true,"jetpack_likes_enabled":true,"_links":{"self":[{"href":"https:\/\/www.intunebrasil.com.br\/blogintune\/wp-json\/wp\/v2\/pages\/2231","targetHints":{"allow":["GET"]}}],"collection":[{"href":"https:\/\/www.intunebrasil.com.br\/blogintune\/wp-json\/wp\/v2\/pages"}],"about":[{"href":"https:\/\/www.intunebrasil.com.br\/blogintune\/wp-json\/wp\/v2\/types\/page"}],"author":[{"embeddable":true,"href":"https:\/\/www.intunebrasil.com.br\/blogintune\/wp-json\/wp\/v2\/users\/1"}],"replies":[{"embeddable":true,"href":"https:\/\/www.intunebrasil.com.br\/blogintune\/wp-json\/wp\/v2\/comments?post=2231"}],"version-history":[{"count":2,"href":"https:\/\/www.intunebrasil.com.br\/blogintune\/wp-json\/wp\/v2\/pages\/2231\/revisions"}],"predecessor-version":[{"id":2270,"href":"https:\/\/www.intunebrasil.com.br\/blogintune\/wp-json\/wp\/v2\/pages\/2231\/revisions\/2270"}],"wp:attachment":[{"href":"https:\/\/www.intunebrasil.com.br\/blogintune\/wp-json\/wp\/v2\/media?parent=2231"}],"curies":[{"name":"wp","href":"https:\/\/api.w.org\/{rel}","templated":true}]}}