{"id":602,"date":"2014-07-08T19:09:05","date_gmt":"2014-07-08T19:09:05","guid":{"rendered":"http:\/\/www.intunebrasil.com.br\/blogintune\/?page_id=602"},"modified":"2026-01-22T19:58:19","modified_gmt":"2026-01-22T19:58:19","slug":"contato","status":"publish","type":"page","link":"https:\/\/www.intunebrasil.com.br\/blogintune\/contato\/","title":{"rendered":"Contato"},"content":{"rendered":"<p>Procurando informa\u00e7\u00f5es relacionadas ao Microsoft Intune ou licenciamento de solu\u00e7\u00f5es da Microsoft?<\/p>\n<p><strong>Formul\u00e1rio de contato seguro:<\/p>\n<p><a href=\"https:\/\/nuboex.typeform.com\/to\/n5h8Bf?Submit=Enviar+Mensagem&amp;typeform-source=www.cloudexperts.com.br\">https:\/\/nuboex.typeform.com\/to\/n5h8Bf?Submit=Enviar+Mensagem&amp;typeform-source=www.cloudexperts.com.br<\/a><br \/>\n<\/strong><\/p>\n<p>Entre em contato conosco nos telefones:<\/p>\n<p>(22) 98106 0736<\/p>\n<p><strong>WhatsApp:<\/strong> <a href=\"https:\/\/api.whatsapp.com\/send?phone=5522981060736\">(22) 98106 0736<\/a><\/p>\n<p><strong>Nosso Skype ID<\/strong>: cloudexpertsbr<\/p>\n<p><strong>E-mail:<\/strong> contato@cloudexperts.com.br<\/p>\n","protected":false},"excerpt":{"rendered":"<p>Procurando informa\u00e7\u00f5es relacionadas ao Microsoft Intune ou licenciamento de solu\u00e7\u00f5es da Microsoft? Formul\u00e1rio de contato seguro: https:\/\/nuboex.typeform.com\/to\/n5h8Bf?Submit=Enviar+Mensagem&amp;typeform-source=www.cloudexperts.com.br Entre em contato<\/p>\n","protected":false},"author":1,"featured_media":0,"parent":0,"menu_order":0,"comment_status":"closed","ping_status":"closed","template":"","meta":{"colormag_page_container_layout":"default_layout","colormag_page_sidebar_layout":"default_layout","jetpack_post_was_ever_published":false,"footnotes":""},"class_list":["post-602","page","type-page","status-publish","hentry"],"yoast_head":"<!-- This site is optimized with the Yoast SEO plugin v27.2 - https:\/\/yoast.com\/product\/yoast-seo-wordpress\/ -->\n<title>Contato - Intune Brasil - Microsoft Intune e outras solu\u00e7\u00f5es online<\/title>\n<meta name=\"robots\" content=\"index, follow, max-snippet:-1, max-image-preview:large, max-video-preview:-1\" \/>\n<link rel=\"canonical\" href=\"https:\/\/www.intunebrasil.com.br\/blogintune\/contato\/\" \/>\n<meta property=\"og:locale\" content=\"pt_BR\" \/>\n<meta property=\"og:type\" content=\"article\" \/>\n<meta property=\"og:title\" content=\"Contato - Intune Brasil - Microsoft Intune e outras solu\u00e7\u00f5es online\" \/>\n<meta property=\"og:description\" content=\"Procurando informa\u00e7\u00f5es relacionadas ao Microsoft Intune ou licenciamento de solu\u00e7\u00f5es da Microsoft? Formul\u00e1rio de contato seguro: https:\/\/nuboex.typeform.com\/to\/n5h8Bf?Submit=Enviar+Mensagem&amp;typeform-source=www.cloudexperts.com.br Entre em contato\" \/>\n<meta property=\"og:url\" content=\"https:\/\/www.intunebrasil.com.br\/blogintune\/contato\/\" \/>\n<meta property=\"og:site_name\" content=\"Intune Brasil - Microsoft Intune e outras solu\u00e7\u00f5es online\" \/>\n<meta property=\"article:publisher\" content=\"https:\/\/www.facebook.com\/cloudexpertsbr\" \/>\n<meta property=\"article:modified_time\" content=\"2026-01-22T19:58:19+00:00\" \/>\n<meta name=\"twitter:label1\" content=\"Est. tempo de leitura\" \/>\n\t<meta name=\"twitter:data1\" content=\"1 minuto\" \/>\n<script type=\"application\/ld+json\" class=\"yoast-schema-graph\">{\"@context\":\"https:\/\/schema.org\",\"@graph\":[{\"@type\":\"WebPage\",\"@id\":\"https:\/\/www.intunebrasil.com.br\/blogintune\/contato\/\",\"url\":\"https:\/\/www.intunebrasil.com.br\/blogintune\/contato\/\",\"name\":\"Contato - Intune Brasil - Microsoft Intune e outras solu\u00e7\u00f5es online\",\"isPartOf\":{\"@id\":\"https:\/\/www.intunebrasil.com.br\/blogintune\/#website\"},\"datePublished\":\"2014-07-08T19:09:05+00:00\",\"dateModified\":\"2026-01-22T19:58:19+00:00\",\"breadcrumb\":{\"@id\":\"https:\/\/www.intunebrasil.com.br\/blogintune\/contato\/#breadcrumb\"},\"inLanguage\":\"pt-BR\",\"potentialAction\":[{\"@type\":\"ReadAction\",\"target\":[\"https:\/\/www.intunebrasil.com.br\/blogintune\/contato\/\"]}]},{\"@type\":\"BreadcrumbList\",\"@id\":\"https:\/\/www.intunebrasil.com.br\/blogintune\/contato\/#breadcrumb\",\"itemListElement\":[{\"@type\":\"ListItem\",\"position\":1,\"name\":\"In\u00edcio\",\"item\":\"https:\/\/www.intunebrasil.com.br\/blogintune\/\"},{\"@type\":\"ListItem\",\"position\":2,\"name\":\"Contato\"}]},{\"@type\":\"WebSite\",\"@id\":\"https:\/\/www.intunebrasil.com.br\/blogintune\/#website\",\"url\":\"https:\/\/www.intunebrasil.com.br\/blogintune\/\",\"name\":\"Intune Brasil - Microsoft Intune e outras solu\u00e7\u00f5es online\",\"description\":\"Gereciamento de dispositivos via nuvem\",\"publisher\":{\"@id\":\"https:\/\/www.intunebrasil.com.br\/blogintune\/#organization\"},\"potentialAction\":[{\"@type\":\"SearchAction\",\"target\":{\"@type\":\"EntryPoint\",\"urlTemplate\":\"https:\/\/www.intunebrasil.com.br\/blogintune\/?s={search_term_string}\"},\"query-input\":{\"@type\":\"PropertyValueSpecification\",\"valueRequired\":true,\"valueName\":\"search_term_string\"}}],\"inLanguage\":\"pt-BR\"},{\"@type\":\"Organization\",\"@id\":\"https:\/\/www.intunebrasil.com.br\/blogintune\/#organization\",\"name\":\"Intune Brasil - Microsoft Intune e outras solu\u00e7\u00f5es online\",\"url\":\"https:\/\/www.intunebrasil.com.br\/blogintune\/\",\"logo\":{\"@type\":\"ImageObject\",\"inLanguage\":\"pt-BR\",\"@id\":\"https:\/\/www.intunebrasil.com.br\/blogintune\/#\/schema\/logo\/image\/\",\"url\":\"https:\/\/i0.wp.com\/www.intunebrasil.com.br\/blogintune\/wp-content\/uploads\/2017\/11\/logo-intune1.png?fit=392%2C65&ssl=1\",\"contentUrl\":\"https:\/\/i0.wp.com\/www.intunebrasil.com.br\/blogintune\/wp-content\/uploads\/2017\/11\/logo-intune1.png?fit=392%2C65&ssl=1\",\"width\":392,\"height\":65,\"caption\":\"Intune Brasil - Microsoft Intune e outras solu\u00e7\u00f5es online\"},\"image\":{\"@id\":\"https:\/\/www.intunebrasil.com.br\/blogintune\/#\/schema\/logo\/image\/\"},\"sameAs\":[\"https:\/\/www.facebook.com\/cloudexpertsbr\",\"https:\/\/x.com\/cloudexpertsbr\",\"http:\/\/www.linkedin.com\/company\/cloud-experts-consultoria\"]}]}<\/script>\n<!-- \/ Yoast SEO plugin. -->","yoast_head_json":{"title":"Contato - Intune Brasil - Microsoft Intune e outras solu\u00e7\u00f5es online","robots":{"index":"index","follow":"follow","max-snippet":"max-snippet:-1","max-image-preview":"max-image-preview:large","max-video-preview":"max-video-preview:-1"},"canonical":"https:\/\/www.intunebrasil.com.br\/blogintune\/contato\/","og_locale":"pt_BR","og_type":"article","og_title":"Contato - Intune Brasil - Microsoft Intune e outras solu\u00e7\u00f5es online","og_description":"Procurando informa\u00e7\u00f5es relacionadas ao Microsoft Intune ou licenciamento de solu\u00e7\u00f5es da Microsoft? Formul\u00e1rio de contato seguro: https:\/\/nuboex.typeform.com\/to\/n5h8Bf?Submit=Enviar+Mensagem&amp;typeform-source=www.cloudexperts.com.br Entre em contato","og_url":"https:\/\/www.intunebrasil.com.br\/blogintune\/contato\/","og_site_name":"Intune Brasil - Microsoft Intune e outras solu\u00e7\u00f5es online","article_publisher":"https:\/\/www.facebook.com\/cloudexpertsbr","article_modified_time":"2026-01-22T19:58:19+00:00","twitter_misc":{"Est. tempo de leitura":"1 minuto"},"schema":{"@context":"https:\/\/schema.org","@graph":[{"@type":"WebPage","@id":"https:\/\/www.intunebrasil.com.br\/blogintune\/contato\/","url":"https:\/\/www.intunebrasil.com.br\/blogintune\/contato\/","name":"Contato - Intune Brasil - Microsoft Intune e outras solu\u00e7\u00f5es online","isPartOf":{"@id":"https:\/\/www.intunebrasil.com.br\/blogintune\/#website"},"datePublished":"2014-07-08T19:09:05+00:00","dateModified":"2026-01-22T19:58:19+00:00","breadcrumb":{"@id":"https:\/\/www.intunebrasil.com.br\/blogintune\/contato\/#breadcrumb"},"inLanguage":"pt-BR","potentialAction":[{"@type":"ReadAction","target":["https:\/\/www.intunebrasil.com.br\/blogintune\/contato\/"]}]},{"@type":"BreadcrumbList","@id":"https:\/\/www.intunebrasil.com.br\/blogintune\/contato\/#breadcrumb","itemListElement":[{"@type":"ListItem","position":1,"name":"In\u00edcio","item":"https:\/\/www.intunebrasil.com.br\/blogintune\/"},{"@type":"ListItem","position":2,"name":"Contato"}]},{"@type":"WebSite","@id":"https:\/\/www.intunebrasil.com.br\/blogintune\/#website","url":"https:\/\/www.intunebrasil.com.br\/blogintune\/","name":"Intune Brasil - Microsoft Intune e outras solu\u00e7\u00f5es online","description":"Gereciamento de dispositivos via nuvem","publisher":{"@id":"https:\/\/www.intunebrasil.com.br\/blogintune\/#organization"},"potentialAction":[{"@type":"SearchAction","target":{"@type":"EntryPoint","urlTemplate":"https:\/\/www.intunebrasil.com.br\/blogintune\/?s={search_term_string}"},"query-input":{"@type":"PropertyValueSpecification","valueRequired":true,"valueName":"search_term_string"}}],"inLanguage":"pt-BR"},{"@type":"Organization","@id":"https:\/\/www.intunebrasil.com.br\/blogintune\/#organization","name":"Intune Brasil - Microsoft Intune e outras solu\u00e7\u00f5es online","url":"https:\/\/www.intunebrasil.com.br\/blogintune\/","logo":{"@type":"ImageObject","inLanguage":"pt-BR","@id":"https:\/\/www.intunebrasil.com.br\/blogintune\/#\/schema\/logo\/image\/","url":"https:\/\/i0.wp.com\/www.intunebrasil.com.br\/blogintune\/wp-content\/uploads\/2017\/11\/logo-intune1.png?fit=392%2C65&ssl=1","contentUrl":"https:\/\/i0.wp.com\/www.intunebrasil.com.br\/blogintune\/wp-content\/uploads\/2017\/11\/logo-intune1.png?fit=392%2C65&ssl=1","width":392,"height":65,"caption":"Intune Brasil - Microsoft Intune e outras solu\u00e7\u00f5es online"},"image":{"@id":"https:\/\/www.intunebrasil.com.br\/blogintune\/#\/schema\/logo\/image\/"},"sameAs":["https:\/\/www.facebook.com\/cloudexpertsbr","https:\/\/x.com\/cloudexpertsbr","http:\/\/www.linkedin.com\/company\/cloud-experts-consultoria"]}]}},"jetpack-related-posts":[],"jetpack_sharing_enabled":true,"jetpack_likes_enabled":true,"_links":{"self":[{"href":"https:\/\/www.intunebrasil.com.br\/blogintune\/wp-json\/wp\/v2\/pages\/602","targetHints":{"allow":["GET"]}}],"collection":[{"href":"https:\/\/www.intunebrasil.com.br\/blogintune\/wp-json\/wp\/v2\/pages"}],"about":[{"href":"https:\/\/www.intunebrasil.com.br\/blogintune\/wp-json\/wp\/v2\/types\/page"}],"author":[{"embeddable":true,"href":"https:\/\/www.intunebrasil.com.br\/blogintune\/wp-json\/wp\/v2\/users\/1"}],"replies":[{"embeddable":true,"href":"https:\/\/www.intunebrasil.com.br\/blogintune\/wp-json\/wp\/v2\/comments?post=602"}],"version-history":[{"count":12,"href":"https:\/\/www.intunebrasil.com.br\/blogintune\/wp-json\/wp\/v2\/pages\/602\/revisions"}],"predecessor-version":[{"id":2962,"href":"https:\/\/www.intunebrasil.com.br\/blogintune\/wp-json\/wp\/v2\/pages\/602\/revisions\/2962"}],"wp:attachment":[{"href":"https:\/\/www.intunebrasil.com.br\/blogintune\/wp-json\/wp\/v2\/media?parent=602"}],"curies":[{"name":"wp","href":"https:\/\/api.w.org\/{rel}","templated":true}]}}